 q.
3
Let v = -582 - -652. Calculate the greatest common factor of v and 980.
70
Suppose 0 = -4*y + 3*j - 81, -106 = 5*y - y + 2*j. Let t = y - -34. Let v(a) = -a + 12. Let l be v(t). What is the highest common divisor of l and 3?
1
Let j = -152 + 237. Let x = j + 20. What is the highest common divisor of x and 15?
15
Suppose 13 = 5*n + 3. Suppose 4*k = -4*f + f - 12, 3*f + 6 = -2*k. Let r be 32 + n*(f - -2). What is the greatest common factor of 54 and r?
18
Suppose -q = -2*x - 3*x - 26, 3*q - 18 = 3*x. Calculate the highest common divisor of 9 and q.
1
Let q(l) be the second derivative of l**5/20 + 13*l**4/12 - 17*l**3/6 - 9*l**2 - l. Let w be q(-14). Calculate the greatest common divisor of 3 and w.
3
Suppose 5*q - 168 = -3*q. Let o be (-28)/(-1*4/12). Calculate the greatest common divisor of q and o.
21
Let a = 832 - 598. What is the highest common divisor of a and 72?
18
Suppose f - 408 = 5*h - 94, h + 4 = 0. Calculate the greatest common factor of 84 and f.
42
Let d(n) = -37*n - 322. Let i be d(-21). What is the highest common factor of 273 and i?
91
Suppose 6*x + 43 = 169. Calculate the highest common divisor of x and 161.
7
Let n(v) = -8*v + 71. Let d be n(-2). What is the greatest common divisor of d and 145?
29
Let m = -65 - -90. Suppose 0 = -q + 3*o + 219, -3*q + 5*o + 665 = -0*o. What is the highest common factor of m and q?
25
Suppose -n = 42 - 242. Let t(y) = y**2 + y - 10. Let s be t(-6). Calculate the highest common divisor of n and s.
20
Let p be (-1 + -6)/((-3)/3). Let z = -3 + 23. Let a = z - -8. What is the greatest common factor of a and p?
7
Suppose -728 = -8*j + 512. Calculate the highest common divisor of 93 and j.
31
Let u(d) = -d**3 - 10*d**2 + 9*d + 9. Let f be u(-10). Let s = f + 84. Calculate the greatest common factor of 5 and s.
1
Let t = -43 - -99. Let u = -2 + 6. Suppose 14 = 2*k - u*n - 18, -5*k + 2*n + 72 = 0. What is the greatest common divisor of k and t?
14
Let v(n) = n**3 - n**2 + n**3 + 2*n - 3*n**3 - 4. Let a be v(-3). Let f be 159/4 - (-2)/a. What is the greatest common factor of 5 and f?
5
Let k(g) = -78*g - 3. Suppose 3*q + 0 = -6. Let f be k(q). Let n = f + -105. Calculate the greatest common divisor of 6 and n.
6
Suppose -4*m - 3*m + 119 = 0. Let v = m - -31. Let d(g) = -g**2 - 12*g - 14. Let s be d(-10). Calculate the greatest common factor of s and v.
6
Let k = 15 + -22. Let v = k + 7. Suppose v*i = i - 10. What is the greatest common factor of 5 and i?
5
Let p(r) = 2*r**3 - r**2 - 3*r - 2. Let m be p(2). Let h be (8/(-20))/(m/(-720)). What is the greatest common divisor of 24 and h?
24
Let j be 50/(-80)*4*12*-3. Calculate the greatest common factor of 405 and j.
45
Let k(b) = -b**2 - 3*b + 1. Let n be 4 + 2 - 1*3. Let w be k(n). Let o = -7 - w. What is the highest common factor of o and 90?
10
Let b be ((-1545)/(-30) - 5) + (-6)/(-4). What is the highest common factor of 9 and b?
3
Let r be (180 + -9)*((-5)/3 - -2). Calculate the highest common divisor of r and 38.
19
Let d = -4 - -4. Suppose d = 2*k - 6*k. Let u be ((-4)/2 + k)/(-1). Calculate the greatest common divisor of 10 and u.
2
Let k be (1 + -16)*(427/(-7) + -4). What is the greatest common divisor of k and 75?
75
Let c = 19 + -13. Suppose -8*q = 3*d - 3*q - 4, 0 = 5*d - 3*q - 18. Suppose 0 = -3*n + d, -n = 2*w - 4 - 15. What is the highest common factor of w and c?
3
Let b be 23 - (2 + -6)/(-2). Suppose b - 3 = n. Let r = -642 - -644. What is the highest common divisor of r and n?
2
Let i(a) = a**2 + 8*a + 12. Let h be i(-6). Suppose 4*p + 16 = h, -2*v + 5*p = 3*p + 54. Let l = 49 + v. What is the highest common divisor of l and 126?
18
Suppose 0 = -2*u - 2*u. Suppose -3*t + 3*a = 0, -4*t + 3*t + 5*a = u. Suppose -m = t, -v + 74 = 3*m + 24. What is the highest common divisor of 10 and v?
10
Let x = -5 - 83. Let j = x - -124. What is the greatest common divisor of j and 9?
9
Let q be (31/(-2))/((-3)/(-6)). Let x be q - (-3)/(4 + -3). Let y = -12 - x. Calculate the greatest common factor of 4 and y.
4
Let b(s) = s**3 - 9*s**2 + s + 12. Let k be b(9). Let y = 154 - k. Calculate the greatest common factor of 19 and y.
19
Let w = -255 + 415. Calculate the highest common factor of w and 40.
40
Suppose -3*v = -52*v + 1176. What is the greatest common factor of 984 and v?
24
Let o be ((-22)/(-2))/(1/11). Suppose 2*x = 31*b - 32*b - 1, 2*x = -12. Calculate the greatest common factor of b and o.
11
Let s be 14/(-126) + (-19)/(-9). Let l(z) = -13 - z**2 + 5 - 8*z + 17*z. Let c be l(6). Calculate the highest common divisor of s and c.
2
Let o = 697 - 117. Calculate the greatest common factor of 20 and o.
20
Let d = -63 + 80. Let p(c) = 18*c - 3. Let n be p(3). Calculate the highest common factor of n and d.
17
Suppose -5*t = -4*o + 143, 2*o + 111 = 5*o - 5*t. Suppose 0 = 5*c + 2*l - 398, 4*c - 2*l = -60 + 382. Calculate the greatest common divisor of o and c.
16
Let y(z) = 50*z - 43. Let d be y(2). Suppose 0 = p + 4*p - 1120. Let s be (-6)/(-9) - p/(-6). Calculate the greatest common factor of s and d.
19
Let w be (-7515)/25 - ((-8)/(-10))/2. Let x = -147 - w. What is the highest common divisor of 14 and x?
14
Let s = 50 + -84. Let r = 17 - s. Calculate the greatest common factor of 17 and r.
17
Let a = 2455 + -2110. Calculate the greatest common factor of a and 138.
69
Suppose 0 = -14*r + 21*r - 861. Calculate the greatest common factor of r and 3.
3
Let h = 3 - 0. Suppose 4*s - s = y - 6, 0 = 3*s - 2*y + h. Let g be 5 - (s + (2 - -2)). What is the highest common divisor of 8 and g?
4
Let v = -245 + 291. What is the greatest common factor of v and 1518?
46
Suppose -5*y + 4*q + q + 35 = 0, -2*y - 5*q = -35. Let j be 336/y*(0 - 40/(-6)). Calculate the highest common divisor of 28 and j.
28
Suppose -12*c - c + 312 = 0. What is the highest common divisor of c and 78?
6
Let j = 989 - 381. Calculate the greatest common divisor of j and 228.
76
Let x = -82 - -98. Suppose 8*z = x + 104. Calculate the greatest common divisor of z and 150.
15
Let h be (2/1)/((-24)/(-1008)). What is the highest common factor of 336 and h?
84
Let h(p) = -p**3 - 4*p**2 - 4*p - 3. Let j be h(-3). Let r be 51/((-12)/(-40) - j). Suppose -r = -7*o - 16. What is the greatest common factor of 154 and o?
22
Suppose -2*q + 3*b = 0, 3*q - 3*b + b = 5. Suppose -5*h = u - 9, 0 = 3*u - 2*u + q*h - 11. What is the highest common divisor of 14 and u?
14
Suppose -2*a - 73 = 151. Let w be (32/a)/(2/(-56)*2). What is the greatest common divisor of w and 10?
2
Let d = 1161 + -856. Calculate the greatest common divisor of 10 and d.
5
Let a = 123 - -3. Calculate the highest common factor of a and 6.
6
Let o be (-2 - 1)/(-5 + 4). Let q = -7 + 12. Suppose 0 = q*i - i - 72. Calculate the greatest common factor of o and i.
3
Let p be ((-39)/6)/(2/4). Let d be (-41)/p - (-4)/(-26). Suppose -o + 43 = -4*w, 2*o + 9 - 55 = -2*w. What is the highest common divisor of d and o?
3
Suppose 4*d - 19 - 1 = 0. Suppose 4*b + 80 = 2*c, 2*c = -2*b + d*b + 80. What is the greatest common factor of 5 and c?
5
Suppose 116*a + 342 = 122*a. What is the highest common factor of 969 and a?
57
Let w = 546 - 516. Calculate the highest common divisor of 320 and w.
10
Let l(f) = -f**3 + 28*f**2 - 42*f + 20. Let i be l(26). What is the highest common factor of i and 16?
8
Suppose l - 66 = -5*a - l, 2*l + 54 = 5*a. Let m = 1 - -2. Suppose m*c = 3*x + 9, -4*x = -4*c - 5*x + 17. What is the greatest common factor of c and a?
4
Let j be 490*(12/15 + 9/(-30)). What is the highest common factor of j and 98?
49
Let j(l) = l**3 + 14*l**2 + 31*l + 28. Let a be j(-9). Suppose 5*i = 3*f - 8*f + 55, 4*f - 3*i - 65 = 0. What is the greatest common divisor of a and f?
14
Let j be (-4 + ((-63)/6)/(-3))*-132. What is the highest common factor of 30 and j?
6
Let c be -6 + (4 - (-60 + 2)). Calculate the highest common factor of 2 and c.
2
Let p(y) be the third derivative of y**4/4 + 5*y**3/3 - 2*y**2. Let n be p(-5). Let c be (-439)/(-4) - 5/n. What is the highest common factor of 10 and c?
10
Suppose 0 = 2*q + 2*q + 2*d - 6, 3*q + d = 6. Suppose -m + 2 = -q*g - 0, 3*m + 8 = 2*g. Let y = g + 35. What is the greatest common divisor of 11 and y?
11
Let j(o) = -46 + 33 + 26 - 6*o. Let z be j(-13). Calculate the greatest common divisor of 26 